{"id":3824,"date":"2022-03-31T10:47:30","date_gmt":"2022-03-31T08:47:30","guid":{"rendered":"https:\/\/universetspuls.dk\/?page_id=3824"},"modified":"2023-01-14T17:54:29","modified_gmt":"2023-01-14T16:54:29","slug":"kan-man-maale-ikke-fysiske-faenomener-2","status":"publish","type":"page","link":"https:\/\/universetspuls.dk\/index.php\/foredrag\/kan-man-maale-ikke-fysiske-faenomener-2\/","title":{"rendered":"Kan man m\u00e5le ikke fysiske f\u00e6nomener?"},"content":{"rendered":"<p>[et_pb_section fb_built=&#8221;1&#8243; custom_padding_last_edited=&#8221;on|desktop&#8221; next_background_color=&#8221;#ffffff&#8221; admin_label=&#8221;About&#8221; _builder_version=&#8221;4.16&#8243; _module_preset=&#8221;default&#8221; background_color=&#8221;gcid-d705e4a5-73d4-4d11-8c7b-a5d471a82263&#8243; background_color_gradient_start=&#8221;#f7a355&#8243; background_image=&#8221;https:\/\/universetspuls.dk\/wp-content\/uploads\/2022\/03\/nasa-hI5dX2ObAs-unsplash.jpg&#8221; background_size=&#8221;initial&#8221; custom_margin=&#8221;0px||||false|false&#8221; custom_padding=&#8221;60px||||false|false&#8221; custom_padding_tablet=&#8221;60px||||false|false&#8221; custom_padding_phone=&#8221;60px||||false|false&#8221; bottom_divider_style=&#8221;ramp2&#8243; bottom_divider_flip=&#8221;horizontal&#8221; background_last_edited=&#8221;on|desktop&#8221; background_enable_mask_style_tablet=&#8221;off&#8221; background_enable_mask_style_phone=&#8221;off&#8221; background_mask_transform_tablet=&#8221;invert|flip_horizontal&#8221; background_mask_transform_phone=&#8221;invert|flip_horizontal&#8221; background_mask_size_tablet=&#8221;contain&#8221; background_mask_size_phone=&#8221;contain&#8221; background_mask_width_phone=&#8221;100%&#8221; background_mask_height_phone=&#8221;20%&#8221; background_mask_position_tablet=&#8221;top_left&#8221; global_colors_info=&#8221;{%22gcid-d705e4a5-73d4-4d11-8c7b-a5d471a82263%22:%91%22background_color%22%93}&#8221;][et_pb_row custom_padding_last_edited=&#8221;on|phone&#8221; _builder_version=&#8221;4.16&#8243; _module_preset=&#8221;default&#8221; background_enable_color=&#8221;off&#8221; z_index=&#8221;10&#8243; max_width=&#8221;1280px&#8221; custom_padding=&#8221;100px|60px|80px|60px|false|true&#8221; custom_padding_tablet=&#8221;60px|30px|60px|30px|true|true&#8221; custom_padding_phone=&#8221;|0px||0px|false|true&#8221; locked=&#8221;off&#8221; global_colors_info=&#8221;{%22gcid-d705e4a5-73d4-4d11-8c7b-a5d471a82263%22:%91%22background_mask_color%22%93}&#8221;][et_pb_column type=&#8221;4_4&#8243; saved_specialty_column_type=&#8221;3_4&#8243; _builder_version=&#8221;4.16&#8243; _module_preset=&#8221;default&#8221; global_colors_info=&#8221;{}&#8221;][et_pb_text _builder_version=&#8221;4.16.0&#8243; _module_preset=&#8221;default&#8221; header_font=&#8221;Philosopher|700|||||||&#8221; header_text_color=&#8221;#FFFFFF&#8221; header_font_size=&#8221;70px&#8221; header_2_font=&#8221;Philosopher|700|||||||&#8221; header_2_text_align=&#8221;center&#8221; header_2_text_color=&#8221;#FFFFFF&#8221; header_2_font_size=&#8221;60px&#8221; header_2_line_height=&#8221;1.3em&#8221; width_tablet=&#8221;80%&#8221; width_phone=&#8221;100%&#8221; width_last_edited=&#8221;off|desktop&#8221; custom_padding=&#8221;||50px||false|false&#8221; animation_style=&#8221;fade&#8221; animation_direction=&#8221;bottom&#8221; header_font_size_tablet=&#8221;70px&#8221; header_font_size_phone=&#8221;54px&#8221; header_font_size_last_edited=&#8221;on|phone&#8221; header_2_font_size_tablet=&#8221;48px&#8221; header_2_font_size_phone=&#8221;28px&#8221; header_2_font_size_last_edited=&#8221;on|desktop&#8221; header_text_shadow_style=&#8221;preset1&#8243; header_2_text_shadow_style=&#8221;preset3&#8243; locked=&#8221;off&#8221; global_colors_info=&#8221;{}&#8221;]<\/p>\n<h1 class=\"av-special-heading-tag \" itemprop=\"headline\">Kan man m\u00e5le ikke fysiske f\u00e6nomener?<\/h1>\n<p>[\/et_pb_text][\/et_pb_column][\/et_pb_row][\/et_pb_section][et_pb_section fb_built=&#8221;1&#8243; _builder_version=&#8221;4.16&#8243; _module_preset=&#8221;default&#8221; custom_padding=&#8221;3px||4px|||&#8221; global_colors_info=&#8221;{}&#8221;][et_pb_row _builder_version=&#8221;4.16&#8243; _module_preset=&#8221;default&#8221; custom_margin=&#8221;68px|auto||auto||&#8221; global_colors_info=&#8221;{}&#8221;][et_pb_column type=&#8221;4_4&#8243; _builder_version=&#8221;4.16&#8243; _module_preset=&#8221;default&#8221; global_colors_info=&#8221;{}&#8221;][et_pb_image src=&#8221;https:\/\/universetspuls.dk\/wp-content\/uploads\/2021\/03\/Forsiden-300&#215;227.jpg&#8221; title_text=&#8221;Kan man m\u00e5le ikke fysiske f\u00e6nomener?&#8221; _builder_version=&#8221;4.16.0&#8243; _module_preset=&#8221;default&#8221; custom_margin=&#8221;-200px||||false|false&#8221; animation_style=&#8221;fade&#8221; box_shadow_style=&#8221;preset1&#8243; global_colors_info=&#8221;{}&#8221;][\/et_pb_image][\/et_pb_column][\/et_pb_row][\/et_pb_section][et_pb_section fb_built=&#8221;1&#8243; _builder_version=&#8221;4.16&#8243; _module_preset=&#8221;default&#8221; background_enable_image=&#8221;off&#8221; custom_padding=&#8221;3px|||||&#8221; global_colors_info=&#8221;{}&#8221;][et_pb_row custom_padding_last_edited=&#8221;on|phone&#8221; _builder_version=&#8221;4.16&#8243; _module_preset=&#8221;default&#8221; custom_margin=&#8221;0%|auto|0%|auto|true|false&#8221; custom_padding=&#8221;60px||130px||false|false&#8221; custom_padding_tablet=&#8221;40px||||false|false&#8221; custom_padding_phone=&#8221;40px||||false|false&#8221; global_colors_info=&#8221;{}&#8221;][et_pb_column type=&#8221;4_4&#8243; _builder_version=&#8221;4.16&#8243; _module_preset=&#8221;default&#8221; global_colors_info=&#8221;{}&#8221;][et_pb_text _builder_version=&#8221;4.16.0&#8243; _module_preset=&#8221;default&#8221; text_text_color=&#8221;#000000&#8243; text_font_size=&#8221;18px&#8221; text_line_height=&#8221;1.8em&#8221; animation_style=&#8221;fade&#8221; animation_duration=&#8221;1050ms&#8221; text_font_size_tablet=&#8221;18px&#8221; text_font_size_phone=&#8221;16px&#8221; text_font_size_last_edited=&#8221;on|phone&#8221; global_colors_info=&#8221;{}&#8221;]<\/p>\n<p>Ikke fysiske f\u00e6nomener optr\u00e6der jo ikke i den fysiske verden. Et godt sp\u00f8rgsm\u00e5l er derfor, om man alligevel kan m\u00e5le dem. Umiddelbart m\u00e5 svaret v\u00e6re et nej, fordi man ikke kan bruge et fysisk m\u00e5leinstrument til at m\u00e5le noget ikke fysisk som f.eks. bevidsthedsoplevelser. Men hvad nu hvis man kunne bruge et ikke fysisk m\u00e5leinstrument, f.eks. et menneske, et dyr eller m\u00e5ske en plante? I foredraget fort\u00e6lles, hvordan man har gjort dette.<\/p>\n<p>Foredraget giver f\u00f8rst et eksempel med en clairvoyant, der kom p\u00e5 den ide, at han med sine synske evner ville pr\u00f8ve, om han kunne danne sig nogle indtryk af planeten Jupiter, et halvt \u00e5r f\u00f8r den f\u00f8rste rumsonde Pioneer 10 passerede Jupiter og tog billeder af den.\u00a0 Det lykkedes faktisk for ham at finde nogle overraskende informationer, som dog f\u00f8rst blev bekr\u00e6ftet 6 \u00e5r senere af Voyager rumsonderne. Eksemplet demonstrerer ganske vist den modsatte effekt, nemlig at bruge ikke fysiske evner til at unders\u00f8ge noget fysisk stof, men er alligevel interessant.<\/p>\n<p>Derefter fort\u00e6lles om, at man rent faktisk har skabt tekniske m\u00e5lesystemer til at m\u00e5le hvor kraftigt et lys- eller farvebevidsthedsindtryk, man oplever i sit indre. Den velkendte m\u00e5leenhed, Lumen, som bruges til at fort\u00e6lle, hvor lyst en lyskilde opleves, er netop et s\u00e5dant teknisk m\u00e5l. Ligeledes gives farveoplevelsen tre m\u00e5letal.<\/p>\n<p>Derefter berettes om eksperimenter med at p\u00e5vise telepati og clairvoyance. Der er gennem en \u00e5rr\u00e6kke blevet udf\u00f8rt virkelig mange eksperimenter. Der er s\u00e5 mange m\u00e5linger, at man rent statistisk kan p\u00e5vise med en meget stor grad af sikkerhed, at b\u00e5de telepati og clairvoyance er virkelige f\u00e6nomener, som vi alle besidder til en vis grad.<\/p>\n<p>Der omtales ogs\u00e5 en m\u00e6rkelig observation, man har gjort, nemlig at mange menneskers fokuserede opm\u00e6rksomhed p\u00e5 et bestemt emne p\u00e5virker omgivelserne, s\u00e5 de bliver mindre kaotiske.<\/p>\n<p>Foredraget afsluttes med en gennemgang af en sp\u00f8rgeskemaunders\u00f8gelse blandt clairvoyante, som foredragsholderen har gennemf\u00f8rt.<\/p>\n<p>&nbsp;<\/p>\n<p>[\/et_pb_text][et_pb_button button_url=&#8221;https:\/\/universetspuls.dk\/index.php\/vare\/kan-man-maale-ikke-fysiske-faenomener\/&#8221; button_text=&#8221;K\u00f8b foredrag&#8221; button_alignment_tablet=&#8221;center&#8221; button_alignment_phone=&#8221;center&#8221; button_alignment_last_edited=&#8221;on|desktop&#8221; _builder_version=&#8221;4.16.0&#8243; _module_preset=&#8221;default&#8221; global_colors_info=&#8221;{}&#8221;][\/et_pb_button][\/et_pb_column][\/et_pb_row][\/et_pb_section][et_pb_section fb_built=&#8221;1&#8243; disabled_on=&#8221;on|on|on&#8221; admin_label=&#8221;Footer&#8221; _builder_version=&#8221;4.16&#8243; _module_preset=&#8221;default&#8221; background_color=&#8221;#313453&#8243; background_enable_image=&#8221;off&#8221; background_size=&#8221;initial&#8221; custom_margin=&#8221;0px||||false|false&#8221; disabled=&#8221;on&#8221; locked=&#8221;off&#8221; global_colors_info=&#8221;{}&#8221;][\/et_pb_section]<\/p>\n","protected":false},"excerpt":{"rendered":"<p>Kan man m\u00e5le ikke fysiske f\u00e6nomener?Ikke fysiske f\u00e6nomener optr\u00e6der jo ikke i den fysiske verden. Et godt sp\u00f8rgsm\u00e5l er derfor, om man alligevel kan m\u00e5le dem. Umiddelbart m\u00e5 svaret v\u00e6re et nej, fordi man ikke kan bruge et fysisk m\u00e5leinstrument til at m\u00e5le noget ikke fysisk som f.eks. bevidsthedsoplevelser. Men hvad nu hvis man kunne [&hellip;]<\/p>\n","protected":false},"author":4,"featured_media":0,"parent":3817,"menu_order":0,"comment_status":"closed","ping_status":"closed","template":"","meta":{"_et_pb_use_builder":"on","_et_pb_old_content":"<!-- wp:divi\/placeholder \/-->","_et_gb_content_width":"","footnotes":""},"class_list":["post-3824","page","type-page","status-publish","hentry"],"_links":{"self":[{"href":"https:\/\/universetspuls.dk\/index.php\/wp-json\/wp\/v2\/pages\/3824","targetHints":{"allow":["GET"]}}],"collection":[{"href":"https:\/\/universetspuls.dk\/index.php\/wp-json\/wp\/v2\/pages"}],"about":[{"href":"https:\/\/universetspuls.dk\/index.php\/wp-json\/wp\/v2\/types\/page"}],"author":[{"embeddable":true,"href":"https:\/\/universetspuls.dk\/index.php\/wp-json\/wp\/v2\/users\/4"}],"replies":[{"embeddable":true,"href":"https:\/\/universetspuls.dk\/index.php\/wp-json\/wp\/v2\/comments?post=3824"}],"version-history":[{"count":11,"href":"https:\/\/universetspuls.dk\/index.php\/wp-json\/wp\/v2\/pages\/3824\/revisions"}],"predecessor-version":[{"id":4537,"href":"https:\/\/universetspuls.dk\/index.php\/wp-json\/wp\/v2\/pages\/3824\/revisions\/4537"}],"up":[{"embeddable":true,"href":"https:\/\/universetspuls.dk\/index.php\/wp-json\/wp\/v2\/pages\/3817"}],"wp:attachment":[{"href":"https:\/\/universetspuls.dk\/index.php\/wp-json\/wp\/v2\/media?parent=3824"}],"curies":[{"name":"wp","href":"https:\/\/api.w.org\/{rel}","templated":true}]}}