{"id":4691,"date":"2025-09-23T21:38:34","date_gmt":"2025-09-23T19:38:34","guid":{"rendered":"https:\/\/universetspuls.dk\/?page_id=4691"},"modified":"2025-09-23T21:38:34","modified_gmt":"2025-09-23T19:38:34","slug":"optiske-kuriositeter-ii","status":"publish","type":"page","link":"https:\/\/universetspuls.dk\/index.php\/optiske-kuriositeter-ii\/","title":{"rendered":"Optiske Kuriositeter II"},"content":{"rendered":"<p>[et_pb_section fb_built=&#8221;1&#8243; custom_padding_last_edited=&#8221;on|desktop&#8221; next_background_color=&#8221;#ffffff&#8221; admin_label=&#8221;About&#8221; _builder_version=&#8221;4.16&#8243; _module_preset=&#8221;default&#8221; background_color=&#8221;gcid-d705e4a5-73d4-4d11-8c7b-a5d471a82263&#8243; background_color_gradient_start=&#8221;#f7a355&#8243; background_image=&#8221;https:\/\/universetspuls.dk\/wp-content\/uploads\/2022\/03\/nasa-hI5dX2ObAs-unsplash.jpg&#8221; background_size=&#8221;initial&#8221; custom_margin=&#8221;0px||||false|false&#8221; custom_padding=&#8221;60px||||false|false&#8221; custom_padding_tablet=&#8221;60px||||false|false&#8221; custom_padding_phone=&#8221;60px||||false|false&#8221; bottom_divider_style=&#8221;ramp2&#8243; bottom_divider_flip=&#8221;horizontal&#8221; background_last_edited=&#8221;on|desktop&#8221; background_enable_mask_style_tablet=&#8221;off&#8221; background_enable_mask_style_phone=&#8221;off&#8221; background_mask_transform_tablet=&#8221;invert|flip_horizontal&#8221; background_mask_transform_phone=&#8221;invert|flip_horizontal&#8221; background_mask_size_tablet=&#8221;contain&#8221; background_mask_size_phone=&#8221;contain&#8221; background_mask_width_phone=&#8221;100%&#8221; background_mask_height_phone=&#8221;20%&#8221; background_mask_position_tablet=&#8221;top_left&#8221; global_colors_info=&#8221;{%22gcid-d705e4a5-73d4-4d11-8c7b-a5d471a82263%22:%91%22background_color%22%93}&#8221; theme_builder_area=&#8221;post_content&#8221;][et_pb_row custom_padding_last_edited=&#8221;on|phone&#8221; _builder_version=&#8221;4.16&#8243; _module_preset=&#8221;default&#8221; background_enable_color=&#8221;off&#8221; z_index=&#8221;10&#8243; max_width=&#8221;1280px&#8221; custom_padding=&#8221;100px|60px|80px|60px|false|true&#8221; custom_padding_tablet=&#8221;60px|30px|60px|30px|true|true&#8221; custom_padding_phone=&#8221;|0px||0px|false|true&#8221; locked=&#8221;off&#8221; global_colors_info=&#8221;{%22gcid-d705e4a5-73d4-4d11-8c7b-a5d471a82263%22:%91%22background_mask_color%22%93}&#8221; theme_builder_area=&#8221;post_content&#8221;][et_pb_column type=&#8221;4_4&#8243; saved_specialty_column_type=&#8221;3_4&#8243; _builder_version=&#8221;4.16&#8243; _module_preset=&#8221;default&#8221; global_colors_info=&#8221;{}&#8221; theme_builder_area=&#8221;post_content&#8221;][et_pb_text _builder_version=&#8221;4.16.0&#8243; _module_preset=&#8221;default&#8221; header_font=&#8221;Philosopher|700|||||||&#8221; header_text_color=&#8221;#FFFFFF&#8221; header_font_size=&#8221;70px&#8221; header_2_font=&#8221;Philosopher|700|||||||&#8221; header_2_text_align=&#8221;center&#8221; header_2_text_color=&#8221;#FFFFFF&#8221; header_2_font_size=&#8221;60px&#8221; header_2_line_height=&#8221;1.3em&#8221; width_tablet=&#8221;80%&#8221; width_phone=&#8221;100%&#8221; width_last_edited=&#8221;off|desktop&#8221; custom_padding=&#8221;||50px||false|false&#8221; animation_style=&#8221;fade&#8221; animation_direction=&#8221;bottom&#8221; header_font_size_tablet=&#8221;70px&#8221; header_font_size_phone=&#8221;54px&#8221; header_font_size_last_edited=&#8221;on|phone&#8221; header_2_font_size_tablet=&#8221;48px&#8221; header_2_font_size_phone=&#8221;28px&#8221; header_2_font_size_last_edited=&#8221;on|desktop&#8221; header_text_shadow_style=&#8221;preset1&#8243; header_2_text_shadow_style=&#8221;preset3&#8243; locked=&#8221;off&#8221; global_colors_info=&#8221;{}&#8221; theme_builder_area=&#8221;post_content&#8221;]<\/p>\n<h1 class=\"av-special-heading-tag \" itemprop=\"headline\">Optiske Kuriositeter II<\/h1>\n<p>[\/et_pb_text][\/et_pb_column][\/et_pb_row][\/et_pb_section][et_pb_section fb_built=&#8221;1&#8243; _builder_version=&#8221;4.16&#8243; _module_preset=&#8221;default&#8221; background_enable_image=&#8221;off&#8221; custom_padding=&#8221;3px|||||&#8221; global_colors_info=&#8221;{}&#8221; theme_builder_area=&#8221;post_content&#8221;][et_pb_row custom_padding_last_edited=&#8221;on|phone&#8221; _builder_version=&#8221;4.16&#8243; _module_preset=&#8221;default&#8221; custom_margin=&#8221;0%|auto|0%|auto|true|false&#8221; custom_padding=&#8221;60px||130px||false|false&#8221; custom_padding_tablet=&#8221;40px||||false|false&#8221; custom_padding_phone=&#8221;40px||||false|false&#8221; hover_enabled=&#8221;0&#8243; global_colors_info=&#8221;{}&#8221; theme_builder_area=&#8221;post_content&#8221; sticky_enabled=&#8221;0&#8243;][et_pb_column type=&#8221;4_4&#8243; _builder_version=&#8221;4.16&#8243; _module_preset=&#8221;default&#8221; global_colors_info=&#8221;{}&#8221; theme_builder_area=&#8221;post_content&#8221;][et_pb_image title_text=&#8221;forsideOKII&#8221; _builder_version=&#8221;4.23.1&#8243; _module_preset=&#8221;default&#8221; custom_margin=&#8221;-200px||||false|false&#8221; animation_style=&#8221;fade&#8221; hover_enabled=&#8221;0&#8243; box_shadow_style=&#8221;preset1&#8243; global_colors_info=&#8221;{}&#8221; theme_builder_area=&#8221;post_content&#8221; src=&#8221;https:\/\/universetspuls.dk\/wp-content\/uploads\/2025\/09\/forsideOKII.jpg&#8221; sticky_enabled=&#8221;0&#8243;][\/et_pb_image][et_pb_text _builder_version=&#8221;4.23.1&#8243; _module_preset=&#8221;default&#8221; text_text_color=&#8221;#000000&#8243; text_font_size=&#8221;18px&#8221; text_line_height=&#8221;1.8em&#8221; animation_style=&#8221;fade&#8221; animation_duration=&#8221;1050ms&#8221; hover_enabled=&#8221;0&#8243; text_font_size_tablet=&#8221;18px&#8221; text_font_size_phone=&#8221;16px&#8221; text_font_size_last_edited=&#8221;on|phone&#8221; global_colors_info=&#8221;{}&#8221; theme_builder_area=&#8221;post_content&#8221; custom_padding=&#8221;|||1px||&#8221; sticky_enabled=&#8221;0&#8243;]<\/p>\n<p>I forordet st\u00e5r der:<\/p>\n<p>Startende i 1997 har der v\u00e6ret en fast \u201dkolonne\u201d kaldet \u201dOptiske Kuriositeter\u201d i medlemsbladet DOPS-NYT for Dansk Optisk Selskab. I alt 26 artikler omhandlende mange forskellige som regel lidt specielle eller m\u00e5ske m\u00e6rkv\u00e6rdige emner inden for det optiske omr\u00e5de blev samlet i f\u00f8rste bind af bogen: \u201dOptiske Kuriositeter\u201d, som udkom i 2004. I 2015 oph\u00f8rte den faste kolonne, og de resterende artikler siden 2004 er nu blevet samlet i n\u00e6rv\u00e6rende andet bind: \u201dOptiske Kuriositeter II\u201d.\u00a0\u00a0<\/p>\n<p>Titlerne er ofte formet som et lidt kuri\u00f8st sp\u00f8rgsm\u00e5l for at v\u00e6kke interessen, f.eks. \u201d Kan et stofs brydningsindeks blive negativt?\u201d eller \u201d Kan lys indfanges uden at slippe fri igen?\u201d.\u00a0<\/p>\n<p>Der er gjort meget ud af at g\u00f8re fremstillingen p\u00e6dagogisk, selvom udledningerne undertiden kan v\u00e6re lidt tunge.\u00a0<\/p>\n<p>Artiklerne er blevet grupperet efter emner, s\u00e5ledes at de er blevet samlet i otte kapitler. Hver artikel har en reference (\u00e5\u00e5,nr) til det nummer af DOPS-NYT, hvor den er blevet trykt, hvor \u00e5\u00e5 er \u00e5rstallet, og nr er udgavenummeret det p\u00e5g\u00e6ldende \u00e5r (der er fire udgaver pr. \u00e5r). Dette referencesystem g\u00f8r det lettere at finde evt. henvisninger til tidligere artikler i bind 1 af Optiske Kuriositeter.<\/p>\n<p>Indholdsfortegnelsen giver et indtryk af de valgte emner:<\/p>\n<p>I Lyshastighed<br \/>Kan et stofs brydningsindeks blive negativt?<br \/>Er lyshastigheden virkelig en naturkonstant?\u00a0\u00a0 Is the speed of light fluctuating or having a fixed value?<\/p>\n<p>II Lysudbredelse<br \/>Kan lys indfanges uden at slippe fri igen?<br \/>Hvilken frekvens oscillerer en exciton egentligt med?<\/p>\n<p>III. Refleksion<br \/>Kan spejle v\u00e6re forst\u00e6rkende?<\/p>\n<p>IV Lasere<br \/>Er laserlys altid koh\u00e6rent?<br \/>Can free electrons emit X-ray laser light?<\/p>\n<p>V. Kvanteoptik<br \/>Er impulsmomentet bevaret ved sumfrekvensgenerering af fotoner?<br \/>Hvor meget fylder en foton?<\/p>\n<p>VI. Det elektromagnetiske vakuum<br \/>Bev\u00e6ger Jorden sig i forhold til den kosmiske mikrob\u00f8lge baggrundsstr\u00e5ling?<\/p>\n<p>VII. Generel fysik<br \/>Is the Energy of the Dark Matter due to Majorana Particles?<br \/>Kan Lorentztransformationen bruges i accelererede systemer?<\/p>\n<p>VII. Diverse emner<br \/>Hvorfor er skyerne ikke bl\u00e5?<\/p>\n<p>Bogen koster 90 kr. med fri fragt.<\/p>\n<p>[\/et_pb_text][et_pb_button button_text=&#8221;K\u00f8b bogen&#8221; button_alignment_tablet=&#8221;center&#8221; button_alignment_phone=&#8221;center&#8221; button_alignment_last_edited=&#8221;on|desktop&#8221; _builder_version=&#8221;4.23.1&#8243; _module_preset=&#8221;default&#8221; hover_enabled=&#8221;0&#8243; global_colors_info=&#8221;{}&#8221; theme_builder_area=&#8221;post_content&#8221; button_url=&#8221; https:\/\/universetspuls.dk\/index.php\/vare\/optiske-kuriositeter-ii&#8221; sticky_enabled=&#8221;0&#8243;][\/et_pb_button][\/et_pb_column][\/et_pb_row][\/et_pb_section][et_pb_section fb_built=&#8221;1&#8243; _builder_version=&#8221;4.16&#8243; _module_preset=&#8221;default&#8221; custom_padding=&#8221;3px||4px|||&#8221; global_colors_info=&#8221;{}&#8221; theme_builder_area=&#8221;post_content&#8221;][et_pb_row _builder_version=&#8221;4.16&#8243; _module_preset=&#8221;default&#8221; custom_margin=&#8221;68px|auto||auto||&#8221; global_colors_info=&#8221;{}&#8221; theme_builder_area=&#8221;post_content&#8221;][et_pb_column type=&#8221;4_4&#8243; _builder_version=&#8221;4.16&#8243; _module_preset=&#8221;default&#8221; global_colors_info=&#8221;{}&#8221; theme_builder_area=&#8221;post_content&#8221;][\/et_pb_column][\/et_pb_row][\/et_pb_section][et_pb_section fb_built=&#8221;1&#8243; disabled_on=&#8221;on|on|on&#8221; admin_label=&#8221;Footer&#8221; _builder_version=&#8221;4.16&#8243; _module_preset=&#8221;default&#8221; background_color=&#8221;#313453&#8243; background_enable_image=&#8221;off&#8221; background_size=&#8221;initial&#8221; custom_margin=&#8221;0px||||false|false&#8221; disabled=&#8221;on&#8221; locked=&#8221;off&#8221; global_colors_info=&#8221;{}&#8221; theme_builder_area=&#8221;post_content&#8221;][\/et_pb_section]<\/p>\n","protected":false},"excerpt":{"rendered":"<p>Optiske Kuriositeter III forordet st\u00e5r der: Startende i 1997 har der v\u00e6ret en fast \u201dkolonne\u201d kaldet \u201dOptiske Kuriositeter\u201d i medlemsbladet DOPS-NYT for Dansk Optisk Selskab. I alt 26 artikler omhandlende mange forskellige som regel lidt specielle eller m\u00e5ske m\u00e6rkv\u00e6rdige emner inden for det optiske omr\u00e5de blev samlet i f\u00f8rste bind af bogen: \u201dOptiske Kuriositeter\u201d, som [&hellip;]<\/p>\n","protected":false},"author":1,"featured_media":0,"parent":0,"menu_order":0,"comment_status":"closed","ping_status":"closed","template":"","meta":{"_et_pb_use_builder":"on","_et_pb_old_content":"","_et_gb_content_width":"","footnotes":""},"class_list":["post-4691","page","type-page","status-publish","hentry"],"_links":{"self":[{"href":"https:\/\/universetspuls.dk\/index.php\/wp-json\/wp\/v2\/pages\/4691","targetHints":{"allow":["GET"]}}],"collection":[{"href":"https:\/\/universetspuls.dk\/index.php\/wp-json\/wp\/v2\/pages"}],"about":[{"href":"https:\/\/universetspuls.dk\/index.php\/wp-json\/wp\/v2\/types\/page"}],"author":[{"embeddable":true,"href":"https:\/\/universetspuls.dk\/index.php\/wp-json\/wp\/v2\/users\/1"}],"replies":[{"embeddable":true,"href":"https:\/\/universetspuls.dk\/index.php\/wp-json\/wp\/v2\/comments?post=4691"}],"version-history":[{"count":2,"href":"https:\/\/universetspuls.dk\/index.php\/wp-json\/wp\/v2\/pages\/4691\/revisions"}],"predecessor-version":[{"id":4741,"href":"https:\/\/universetspuls.dk\/index.php\/wp-json\/wp\/v2\/pages\/4691\/revisions\/4741"}],"wp:attachment":[{"href":"https:\/\/universetspuls.dk\/index.php\/wp-json\/wp\/v2\/media?parent=4691"}],"curies":[{"name":"wp","href":"https:\/\/api.w.org\/{rel}","templated":true}]}}